alse
Is 969596917 a prime number?
True
Is 18877910839 a composite number?
False
Is 90051077 a composite number?
False
Is 6727353847 a prime number?
True
Is 10621752293 a composite number?
False
Is 6214929737 composite?
False
Is 18454875037 a composite number?
False
Is 46227667 composite?
True
Is 15589615391 a composite number?
True
Is 10155373 a prime number?
False
Is 210304147 a prime number?
True
Is 7732778077 composite?
False
Is 108011711 composite?
False
Is 425096939 composite?
True
Is 3575509835 composite?
True
Is 11677996553 prime?
True
Is 22924741987 prime?
False
Is 1469423573 composite?
False
Is 1174985491 prime?
False
Is 1055832326 a composite number?
True
Is 3971768707 a prime number?
True
Is 1871849929 prime?
True
Is 1757254841 a composite number?
False
Is 159183917 a composite number?
True
Is 35117185087 prime?
False
Is 79995743 prime?
True
Is 803000271 composite?
True
Is 1816712813 prime?
True
Is 41856448481 composite?
False
Is 14047254047 a composite number?
False
Is 27452236897 prime?
True
Is 5202344297 a composite number?
True
Is 260761055 a composite number?
True
Is 1309716689 composite?
True
Is 5074257809 composite?
False
Is 9460316605 prime?
False
Is 939500207 a prime number?
False
Is 86505316873 a prime number?
False
Is 57927275971 composite?
False
Is 5999319679 prime?
True
Is 8456446483 composite?
True
Is 1947818221 prime?
True
Is 2395625434 a prime number?
False
Is 658769851 composite?
True
Is 2199274613 a prime number?
True
Is 2967862691 composite?
True
Is 2611994549 a composite number?
False
Is 1633544333 composite?
True
Is 976946383 composite?
True
Is 279076253 composite?
False
Is 11734317163 prime?
False
Is 703498577 prime?
True
Is 124266531911 a prime number?
False
Is 1794942917 a prime number?
False
Is 727273909 prime?
False
Is 6348234881 a prime number?
False
Is 3024761711 composite?
True
Is 1354473833 composite?
False
Is 1279722109 prime?
True
Is 8087221913 a composite number?
True
Is 2398856209 prime?
False
Is 396133499 prime?
True
Is 1131785687 a composite number?
True
Is 48721731533 a composite number?
False
Is 77862222343 a prime number?
False
Is 2004176935 a prime number?
False
Is 1670801779 composite?
False
Is 4241669359 a prime number?
False
Is 5283985445 prime?
False
Is 368619227 a prime number?
True
Is 341764979071 composite?
True
Is 6830831279 a composite number?
True
Is 234523799 composite?
False
Is 155494763 composite?
False
Is 2073637073 prime?
True
Is 1220081501 composite?
False
Is 1199109369 composite?
True
Is 3480854029 a composite number?
False
Is 7652367703 prime?
True
Is 98359589173 composite?
False
Is 57689486273 a composite number?
False
Is 928753373 composite?
False
Is 5425863593 a composite number?
False
Is 177243019 a composite number?
False
Is 2874782101 composite?
True
Is 5186550463 composite?
False
Is 39468905339 prime?
True
Is 37740170654 a composite number?
True
Is 29547159973 a composite number?
True
Is 6892329911 prime?
True
Is 8892091763 a prime number?
False
Is 426234293 composite?
True
Is 12346559773 a prime number?
True
Is 3288920737 composite?
True
Is 1696966109 a prime number?
False
Is 376664173 composite?
True
Is 3518041447 a prime number?
True
Is 39718897451 prime?
False
Is 31008132461 a prime number?
False
Is 15621440161 a composite number?
False
Is 21607180801 a prime number?
False
Is 118720383263 composite?
False
Is 16870927181 composite?
False
Is 32170987421 a composite number?
True
Is 4619562181 a composite number?
True
Is 28193366579 prime?
False
Is 207670171 a composite number?
True
Is 4888129327 composite?
True
Is 393056603 composite?
False
Is 1096402631 a prime number?
False
Is 25734011 composite?
False
Is 276649676381 a prime number?
False
Is 5129969951 a prime number?
False
Is 1753726211 a prime number?
True
Is 40583516789 composite?
False
Is 234645569 a prime number?
False
Is 54918607561 composite?
False
Is 323247965369 a prime number?
False
Is 550013941 a composite number?
False
Is 1014617927 a composite number?
False
Is 514180751 a composite number?
True
Is 40965863 composite?
False
Is 5769854327 a prime number?
True
Is 16608966263 a composite number?
False
Is 1901733233 prime?
True
Is 8569151387 a composite number?
False
Is 272491169 a composite number?
False
Is 32563220171 a prime number?
True
Is 10696333493 a prime number?
True
Is 2802879461 a prime number?
True
Is 280674939053 prime?
True
Is 7386104347 prime?
False
Is 332147729 composite?
False
Is 55381876301 composite?
False
Is 4700252989 a composite number?
False
Is 9013125155 a composite number?
True
Is 4195739 prime?
False
Is 16756445395 a prime number?
False
Is 278157343 prime?
True
Is 66805634411 composite?
False
Is 544282699 a prime number?
True
Is 3354830533 prime?
True
Is 636579313 a prime number?
True
Is 131132012637 a prime number?
False
Is 16768907 a composite number?
True
Is 16639526738 a prime number?
False
Is 302432489 prime?
False
Is 82101311 a prime number?
False
Is 2860428091 a prime number?
True
Is 614445037 prime?
True
Is 12123903797 a composite number?
True
Is 14804845951 a composite number?
True
Is 72257149 a composite number?
False
Is 1405271401 a prime number?
True
Is 45972127 a prime number?
True
Is 1169756463 prime?
False
Is 3135944989 a composite number?
True
Is 1363718149 a composite number?
False
Is 69407599559 a composite number?
False
Is 65442110057 a composite number?
False
Is 1712641859 prime?
True
Is 1263296101 prime?
True
Is 5677821011 a composite number?
True
Is 27092564989 a composite number?
True
Is 597824807 composite?
False
Is 256728421 prime?
False
Is 23865315583 a composite number?
False
Is 1195580923 composite?
False
Is 5392753939 a prime number?
False
Is 7479462877 prime?
False
Is 1986938639 composite?
True
Is 14897051371 composite?
True
Is 1721941337 composite?
False
Is 22168135771 a composite number?
False
Is 1083766055 composite?
True
Is 3153534851 a prime number?
True
Is 3074887919 a composite number?
True
Is 3736185433 prime?
True
Is 1111108057 composite?
False
Is 25372760207 composite?
False
Is 556305037 prime?
True
Is 12389973773 prime?
True
Is 13589354521 a prime number?
True
Is 34390934551 prime?
True
Is 735248585 a prime number?
False
Is 480385983017 a composite number?
True
Is 276126118 a composite number?
True
Is 73582217 prime?
False
Is 25968430337 prime?
False
Is 539376091 a prime number?
False
Is 14743129 a composite number?
False
Is 15597766297 composite?
False
Is 59098572146 a prime number?
False
Is 62599342229 a composite number?
False
Is 2666235697 a composite number?
True
Is 6990203989 a prime number?
True
Is 13455986919 a prime number?
False
Is 98304946121 a composite number?
False
Is 14172083449 prime?
False
Is 1496450357 composite?
True
Is 545175733 prime?
False
Is 8943595777 prime?
False
Is 3687653261 a prime number?
False
Is 2409406007 composite?
False
Is 30038311309 prime?
True
Is 159584753 prime?
False
Is 28938155927 prime?
True
Is 21218033587 a prime number?
True
Is 10029717877 a prime number?
True
Is 12906795757 a prime number?
False
Is 14002291489 a composite number?
False
Is 79199773 a prime number?
False
Is 685195991 a prime number?
True
Is 1111988543 prime?
False
Is 22382903951 composite?
True
Is 37967042965 a composite number?
True
Is 201804413 prime?
False
Is 1118320561 composite?
False
Is 15790544071 a prime number?
True
Is 7001518247 a prime number?
True
Is 683275673 composite?
False
Is 5827302859 a composite number?
True
Is 300339929 composite?
False
Is 7979487193 prime?
False
Is 410197465 prime?
False
Is 4529513539 a prime number?
False
Is 75390287101 a prime number?
True
Is 3875656713 prime?
False
Is 6272500639 prime?
False
Is 4560199801 a composite number?
True
Is 221365663 composite?
True
Is 48678442907 prime?
True
Is 884280869 composite?
True
Is 423679901 a prime number?
False
Is 602931517 a prime number?
True
Is 793149937 composite?
False
Is 105251953 prime?
True
Is 42962475877 prime?
True
Is 845770763 prime?
True
Is 81327413503 a prime number?
False
Is 53272988807 prime?
True
Is 2191967387 a prime number?
True
Is 955008737 a prime number?
False
Is 6591851297 prime?
True
Is 60211243985 a prime number?
False
Is 5836881599 a prime number?
True
Is 12137093 composite?
True
Is 146258887 prime?
True
Is 1058161477 prime?
Tr